{"id":6583,"date":"2021-09-06T10:54:00","date_gmt":"2021-09-06T08:54:00","guid":{"rendered":"https:\/\/wp.beilstein-mosel.de\/?post_type=place&#038;p=6583"},"modified":"2025-04-22T18:22:39","modified_gmt":"2025-04-22T16:22:39","slug":"ferienwohnungen-nahlen","status":"publish","type":"place","link":"http:\/\/beilstein-mosel.de\/nl\/platz\/ferienwohnungen-nahlen\/","title":{"rendered":"Ferienwohnungen Nahlen"},"content":{"rendered":"<p>Weg vom Alltagsstress und einfach ein paar Tage Urlaub an einem der sch\u00f6nsten Pl\u00e4tze an der Mosel: In Beilstein.<\/p>\n<p>Wenn Sie auf der Suche nach einer geeigneten Unterkunft f\u00fcr Ihren Urlaub an der Mosel sind, dann sind Sie bei uns genau richtig!<br \/>Informieren Sie sich einfach, welche vielf\u00e4ltigen M\u00f6glichkeiten ein Urlaub in Beilstein bietet und auch \u00fcber die komfortable Unterbringung in unseren Ferienwohnungen.<\/p>","protected":false},"excerpt":{"rendered":"<p>Weg vom Alltagsstress und einfach ein paar Tage Urlaub an einem der sch\u00f6nsten Pl\u00e4tze an der Mosel: In Beilstein. Wenn Sie auf der Suche nach einer geeigneten Unterkunft f\u00fcr Ihren Urlaub an der Mosel sind, dann sind Sie bei uns genau richtig!Informieren Sie sich einfach, welche vielf\u00e4ltigen M\u00f6glichkeiten ein Urlaub in Beilstein bietet und auch [&hellip;]<\/p>\n","protected":false},"author":13,"featured_media":6190,"menu_order":0,"comment_status":"open","ping_status":"closed","template":"","place-type":[216],"place-categories":[180,256],"place-amenities":[255,140,198,197],"place-city":[176],"place-neighborhood":[194],"class_list":["post-6583","place","type-place","status-publish","has-post-thumbnail","hentry","place-type-ferienwohnungen","place-categories-ferienwohnungen","place-categories-uebernachten","place-amenities-foen","place-amenities-freie-parkplaetze","place-amenities-satellitenfernsehen","place-amenities-tv","place-city-beilstein","place-neighborhood-rheinland-pfalz"],"featured_media_url":"https:\/\/beilstein-mosel.de\/wp-content\/uploads\/2021\/09\/Nachlen_2.jpg","golo-place_price_short":"88","golo-place_price_unit":"d","golo-place_price_range":"2","golo-place_booking_type":"info","golo-place_booking":"","golo-place_booking_site":"","golo-place_booking_2":"","golo-place_booking_site_2":"","golo-place_booking_banner":{"id":"0","url":""},"golo-place_booking_banner_url":"","golo-place_booking_form":"16","golo-booking_form_title":"","golo-booking_form_description":"","golo-booking_form_image":"","golo-place_phone":"02673\/1840","golo-place_phone2":"","golo-place_email":"info@fewo-nahlen.de","golo-place_website":"www.fewo-nahlen.de","golo-place_identity":"6585","golo-google_review_placeid":"ChIJe4Nis28_vkcRJRfwcd8lx-Q","golo-place_facebook":"","golo-place_instagram":"","golo-place_twitter":"","golo-additional_detail":"1","golo-additional_detail_icon":[""],"golo-additional_detail_name":[""],"golo-additional_detail_url":[""],"golo-opening_monday":"Montag","golo-opening_monday_time":"","golo-monday_allday":"","golo-opening_tuesday":"Dienstag","golo-opening_tuesday_time":"","golo-tuesday_allday":"","golo-opening_wednesday":"Mittwoch","golo-opening_wednesday_time":"","golo-wednesday_allday":"","golo-opening_thursday":"Donnerstag","golo-opening_thursday_time":"","golo-thursday_allday":"","golo-opening_friday":"Freitag","golo-opening_friday_time":"","golo-friday_allday":"","golo-opening_saturday":"Samstag","golo-opening_saturday_time":"","golo-saturday_allday":"","golo-opening_sunday":"Sonntag","golo-opening_sunday_time":"","golo-sunday_allday":"","golo-yelp_review":"1","golo-yelp_review_title":[""],"golo-yelp_review_type":[""],"golo-place_views_count":"4792","golo-menu_enable":"1","golo-menu_types":"1","golo-menu_types_name":[""],"golo-menu_tab":[{"golo-menu_title":"","golo-menu_price":"","golo-menu_item_type":"","golo-menu_description":"","golo-menu_service":"","golo-menu_image":{"id":"0","url":""}}],"golo-place_address":"Bachstr. 47","golo-place_zip":"","golo-place_timezone":"Europe\/Berlin","golo-place_location":{"location":"50.109869,7.240044","address":"Bachstr. 47","timezone":"Europe\/Berlin"},"golo-place_featured":"0","golo-place_logged":"0","golo-place_images":["https:\/\/beilstein-mosel.de\/wp-content\/uploads\/2021\/09\/Nachlen_4.jpg","https:\/\/beilstein-mosel.de\/wp-content\/uploads\/2021\/09\/Nachlen_1.jpg","https:\/\/beilstein-mosel.de\/wp-content\/uploads\/2021\/09\/Nachlen_2.jpg","https:\/\/beilstein-mosel.de\/wp-content\/uploads\/2021\/09\/Nachlen_3.jpg"],"golo-place_video_url":"","golo-place_video_image":"","golo-faqs_enable":"1","golo-faqs_tab":[{"golo-faqs_title":"","golo-faqs_description":""}],"golo-booking_item_name":"","golo-booking_item_id":"","golo-booking_item_author":"","golo-booking_adults":"","golo-booking_childrens":"","golo-booking_date":"","golo-booking_time":"","golo-place_coupon":"","golo-package_free":"","golo-package_price":"","golo-package_unlimited_time":"","golo-package_time_unit":"","golo-package_period":"","golo-package_unlimited_listing":"","golo-package_number_listings":"","golo-package_number_featured":"","golo-package_order_display":"","golo-package_featured":"","golo-package_visible":"","golo-package_extra_featured":"","golo-email_template_framework_type":"","golo-place_rating":"","golo-review_count":0,"_links":{"self":[{"href":"http:\/\/beilstein-mosel.de\/nl\/wp-json\/wp\/v2\/place\/6583","targetHints":{"allow":["GET"]}}],"collection":[{"href":"http:\/\/beilstein-mosel.de\/nl\/wp-json\/wp\/v2\/place"}],"about":[{"href":"http:\/\/beilstein-mosel.de\/nl\/wp-json\/wp\/v2\/types\/place"}],"author":[{"embeddable":true,"href":"http:\/\/beilstein-mosel.de\/nl\/wp-json\/wp\/v2\/users\/13"}],"replies":[{"embeddable":true,"href":"http:\/\/beilstein-mosel.de\/nl\/wp-json\/wp\/v2\/comments?post=6583"}],"version-history":[{"count":1,"href":"http:\/\/beilstein-mosel.de\/nl\/wp-json\/wp\/v2\/place\/6583\/revisions"}],"predecessor-version":[{"id":6994,"href":"http:\/\/beilstein-mosel.de\/nl\/wp-json\/wp\/v2\/place\/6583\/revisions\/6994"}],"wp:featuredmedia":[{"embeddable":true,"href":"http:\/\/beilstein-mosel.de\/nl\/wp-json\/wp\/v2\/media\/6190"}],"wp:attachment":[{"href":"http:\/\/beilstein-mosel.de\/nl\/wp-json\/wp\/v2\/media?parent=6583"}],"wp:term":[{"taxonomy":"place-type","embeddable":true,"href":"http:\/\/beilstein-mosel.de\/nl\/wp-json\/wp\/v2\/place-type?post=6583"},{"taxonomy":"place-categories","embeddable":true,"href":"http:\/\/beilstein-mosel.de\/nl\/wp-json\/wp\/v2\/place-categories?post=6583"},{"taxonomy":"place-amenities","embeddable":true,"href":"http:\/\/beilstein-mosel.de\/nl\/wp-json\/wp\/v2\/place-amenities?post=6583"},{"taxonomy":"place-city","embeddable":true,"href":"http:\/\/beilstein-mosel.de\/nl\/wp-json\/wp\/v2\/place-city?post=6583"},{"taxonomy":"place-neighborhood","embeddable":true,"href":"http:\/\/beilstein-mosel.de\/nl\/wp-json\/wp\/v2\/place-neighborhood?post=6583"}],"curies":[{"name":"wp","href":"https:\/\/api.w.org\/{rel}","templated":true}]}}

<p>Weg vom Alltagsstress und einfach ein paar Tage Urlaub an einem der schönsten Plätze an der Mosel: In Beilstein.</p>
<p>Wenn Sie auf der Suche nach einer geeigneten Unterkunft für Ihren Urlaub an der Mosel sind, dann sind Sie bei uns genau richtig!<br />Informieren Sie sich einfach, welche vielfältigen Möglichkeiten ein Urlaub in Beilstein bietet und auch über die komfortable Unterbringung in unseren Ferienwohnungen.</p>

<p>Weg vom Alltagsstress und einfach ein paar Tage Urlaub an einem der schönsten Plätze an der Mosel: In Beilstein. Wenn Sie auf der Suche nach einer geeigneten Unterkunft für Ihren Urlaub an der Mosel sind, dann sind Sie bei uns genau richtig!Informieren Sie sich einfach, welche vielfältigen Möglichkeiten ein Urlaub in Beilstein bietet und auch [&hellip;]</p>
